{"id":2454,"date":"2025-04-28T18:42:38","date_gmt":"2025-04-28T16:42:38","guid":{"rendered":"https:\/\/www.lycee-elisalemonnier.fr\/site\/?page_id=2454"},"modified":"2025-05-06T08:55:51","modified_gmt":"2025-05-06T06:55:51","slug":"presentation-cdi","status":"publish","type":"page","link":"https:\/\/www.lycee-elisalemonnier.fr\/site\/presentation-cdi\/","title":{"rendered":"Pr\u00e9sentation du CDI"},"content":{"rendered":"\n<div class=\"wp-block-group is-nowrap is-layout-flex wp-container-core-group-is-layout-ad2f72ca wp-block-group-is-layout-flex\">\n<div class=\"wp-block-columns alignwide has-nv-light-bg-background-color has-background is-layout-flex wp-container-core-columns-is-layout-9d6595d7 wp-block-columns-is-layout-flex\">\n<div class=\"wp-block-column is-layout-flow wp-block-column-is-layout-flow\">\n<h2 class=\"wp-block-heading has-neve-text-color-color has-text-color has-link-color wp-elements-39c01b6e397b3380458c7dd663a6f903\">Pr\u00e9sentation du <strong>CDI<\/strong> <\/h2>\n\n\n\n<p class=\"has-nv-dark-bg-color has-text-color has-link-color wp-elements-b47afcdfc03105234b422b3f92b05693\">Au <strong>CDI<\/strong> (<strong>C<\/strong>entre d\u2019<strong>I<\/strong>nformation et de <strong>D<\/strong>ocumentation) <\/p>\n\n\n\n<p class=\"has-nv-dark-bg-color has-text-color has-link-color wp-elements-6adde004620d7b0e34c397bac07d1f89\">du lyc\u00e9e polyvalent Elisa Lemonnier, 3 professeurs documentalistes accueillent les \u00e9l\u00e8ves <strong>du lundi au vendredi de 8h \u00e0 17h<\/strong> <em>(except\u00e9 le lundi 17h30 et le vendredi 16h)<\/em>, sans interruption.<\/p>\n\n\n\n<p class=\"has-nv-dark-bg-color has-text-color has-link-color wp-elements-86cb3fd75565f73fec449680c95cf0f1\">Il propose un fonds documentaire constitu\u00e9 de <strong>3600 <\/strong>livres <strong>documentaires<\/strong>, <strong>7600<\/strong> livres de <strong>fiction<\/strong> (romans, bd, manga, th\u00e9\u00e2tre, po\u00e9sie) et plus de <strong>40 abonnements<\/strong> aux p\u00e9riodiques (soit plus de 3500 journaux, revues et magazines), ainsi qu\u2019une s\u00e9lection de ressources num\u00e9riques sur le <strong>portail documentaire E-sidoc<\/strong>.<\/p>\n\n\n\n<p class=\"has-nv-dark-bg-color has-text-color has-link-color wp-elements-d4774eae9636cc7901320924b367781e\">On y vient pour travailler seul ou en petit groupe, effectuer des recherches documentaires, lire, acc\u00e9der aux ordinateurs, obtenir de l\u2019aide, emprunter des documents, prendre RDV avec la Psy-EN.<\/p>\n\n\n\n<p class=\"has-nv-dark-bg-color has-text-color has-link-color wp-elements-53b86af441a341bf87f68de861c09dc9\">Le CDI dispose de 4 petites salles de travail avec 2 ordinateurs chacun, de 3 ordinateurs en libre acc\u00e8s et d\u2019une salle informatique dot\u00e9e de 9 ordinateurs, soit un total de <strong>20 ordinateurs<\/strong>.<\/p>\n\n\n\n<p class=\"has-nv-dark-bg-color has-text-color has-link-color wp-elements-aefea8d99ee33717b9f07b3fc8f0a7d8\">Le CDI propose des<strong> activit\u00e9s <\/strong>(expositions, concours, quiz, etc.) lors des semaines th\u00e9matiques (Halloween, semaine du sport, semaine des langues, semaine de la presse etc.).<\/p>\n\n\n\n<p class=\"has-nv-dark-bg-color has-text-color has-link-color wp-elements-ac8d0c1ee78725126d06cb98b0b5de80\">Le <strong>site Facebook du CDI <\/strong>pour conna\u00eetre les activit\u00e9s r\u00e9alis\u00e9es tout au long de l\u2019ann\u00e9e:<\/p>\n\n\n\n<figure class=\"wp-block-image size-full\"><a href=\"https:\/\/www.facebook.com\/CDIELISALEMONNIER\"><img decoding=\"async\" width=\"78\" height=\"73\" src=\"https:\/\/www.lycee-elisalemonnier.fr\/site\/wp-content\/uploads\/2024\/03\/image.png\" alt=\"\" class=\"wp-image-1289\"\/><\/a><\/figure>\n<\/div>\n\n\n\n<div class=\"wp-block-column is-layout-flow wp-block-column-is-layout-flow\">\n<figure class=\"wp-block-gallery has-nested-images columns-default is-cropped wp-block-gallery-1 is-layout-flex wp-block-gallery-is-layout-flex\">\n<figure class=\"wp-block-image size-large has-custom-border\"><img fetchpriority=\"high\" decoding=\"async\" width=\"600\" height=\"800\" data-id=\"1287\" src=\"https:\/\/www.lycee-elisalemonnier.fr\/site\/wp-content\/uploads\/2024\/03\/d3f313d4-24b6-4698-ac7a-8285027d48a2-2.png\" alt=\"\" class=\"has-border-color has-neve-link-color-border-color wp-image-1287\" srcset=\"https:\/\/www.lycee-elisalemonnier.fr\/site\/wp-content\/uploads\/2024\/03\/d3f313d4-24b6-4698-ac7a-8285027d48a2-2.png 600w, https:\/\/www.lycee-elisalemonnier.fr\/site\/wp-content\/uploads\/2024\/03\/d3f313d4-24b6-4698-ac7a-8285027d48a2-2-225x300.png 225w\" sizes=\"(max-width: 600px) 100vw, 600px\" \/><\/figure>\n\n\n\n<figure class=\"wp-block-image size-large has-custom-border\"><img decoding=\"async\" width=\"600\" height=\"800\" data-id=\"1281\" src=\"https:\/\/www.lycee-elisalemonnier.fr\/site\/wp-content\/uploads\/2024\/03\/9a607a63-f69a-4c1e-9835-2bf1848731fe-2.png\" alt=\"\" class=\"has-border-color has-neve-link-color-border-color wp-image-1281\" srcset=\"https:\/\/www.lycee-elisalemonnier.fr\/site\/wp-content\/uploads\/2024\/03\/9a607a63-f69a-4c1e-9835-2bf1848731fe-2.png 600w, https:\/\/www.lycee-elisalemonnier.fr\/site\/wp-content\/uploads\/2024\/03\/9a607a63-f69a-4c1e-9835-2bf1848731fe-2-225x300.png 225w\" sizes=\"(max-width: 600px) 100vw, 600px\" \/><\/figure>\n\n\n\n<figure class=\"wp-block-image size-large has-custom-border\"><img loading=\"lazy\" decoding=\"async\" width=\"800\" height=\"600\" data-id=\"1282\" src=\"https:\/\/www.lycee-elisalemonnier.fr\/site\/wp-content\/uploads\/2024\/03\/5941878e-f603-48f2-aee4-729416f545b3-2.png\" alt=\"\" class=\"has-border-color has-neve-link-color-border-color wp-image-1282\" srcset=\"https:\/\/www.lycee-elisalemonnier.fr\/site\/wp-content\/uploads\/2024\/03\/5941878e-f603-48f2-aee4-729416f545b3-2.png 800w, https:\/\/www.lycee-elisalemonnier.fr\/site\/wp-content\/uploads\/2024\/03\/5941878e-f603-48f2-aee4-729416f545b3-2-300x225.png 300w, https:\/\/www.lycee-elisalemonnier.fr\/site\/wp-content\/uploads\/2024\/03\/5941878e-f603-48f2-aee4-729416f545b3-2-768x576.png 768w\" sizes=\"(max-width: 800px) 100vw, 800px\" \/><\/figure>\n\n\n\n<figure class=\"wp-block-image size-large has-custom-border\"><img loading=\"lazy\" decoding=\"async\" width=\"800\" height=\"600\" data-id=\"1283\" src=\"https:\/\/www.lycee-elisalemonnier.fr\/site\/wp-content\/uploads\/2024\/03\/b257b102-437d-4f22-9a7a-7e2dd520b9ae-2.png\" alt=\"\" class=\"has-border-color has-neve-link-color-border-color wp-image-1283\" srcset=\"https:\/\/www.lycee-elisalemonnier.fr\/site\/wp-content\/uploads\/2024\/03\/b257b102-437d-4f22-9a7a-7e2dd520b9ae-2.png 800w, https:\/\/www.lycee-elisalemonnier.fr\/site\/wp-content\/uploads\/2024\/03\/b257b102-437d-4f22-9a7a-7e2dd520b9ae-2-300x225.png 300w, https:\/\/www.lycee-elisalemonnier.fr\/site\/wp-content\/uploads\/2024\/03\/b257b102-437d-4f22-9a7a-7e2dd520b9ae-2-768x576.png 768w\" sizes=\"(max-width: 800px) 100vw, 800px\" \/><\/figure>\n<\/figure>\n<\/div>\n<\/div>\n<\/div>\n","protected":false},"excerpt":{"rendered":"<p>Pr\u00e9sentation du CDI Au CDI (Centre d\u2019Information et de Documentation) du lyc\u00e9e polyvalent Elisa Lemonnier, 3 professeurs documentalistes accueillent les \u00e9l\u00e8ves du lundi au vendredi de 8h \u00e0 17h (except\u00e9 le lundi 17h30 et le vendredi 16h), sans interruption. Il propose un fonds documentaire constitu\u00e9 de 3600 livres documentaires, 7600 livres de fiction (romans, bd,&hellip;&nbsp;<a href=\"https:\/\/www.lycee-elisalemonnier.fr\/site\/presentation-cdi\/\" class=\"\" rel=\"bookmark\">Lire la suite &raquo;<span class=\"screen-reader-text\">Pr\u00e9sentation du CDI<\/span><\/a><\/p>\n","protected":false},"author":2,"featured_media":0,"parent":0,"menu_order":0,"comment_status":"closed","ping_status":"closed","template":"","meta":{"neve_meta_sidebar":"","neve_meta_container":"","neve_meta_enable_content_width":"","neve_meta_content_width":0,"neve_meta_title_alignment":"","neve_meta_author_avatar":"","neve_post_elements_order":"","neve_meta_disable_header":"","neve_meta_disable_footer":"","neve_meta_disable_title":"","footnotes":""},"class_list":["post-2454","page","type-page","status-publish","hentry"],"_links":{"self":[{"href":"https:\/\/www.lycee-elisalemonnier.fr\/site\/wp-json\/wp\/v2\/pages\/2454","targetHints":{"allow":["GET"]}}],"collection":[{"href":"https:\/\/www.lycee-elisalemonnier.fr\/site\/wp-json\/wp\/v2\/pages"}],"about":[{"href":"https:\/\/www.lycee-elisalemonnier.fr\/site\/wp-json\/wp\/v2\/types\/page"}],"author":[{"embeddable":true,"href":"https:\/\/www.lycee-elisalemonnier.fr\/site\/wp-json\/wp\/v2\/users\/2"}],"replies":[{"embeddable":true,"href":"https:\/\/www.lycee-elisalemonnier.fr\/site\/wp-json\/wp\/v2\/comments?post=2454"}],"version-history":[{"count":2,"href":"https:\/\/www.lycee-elisalemonnier.fr\/site\/wp-json\/wp\/v2\/pages\/2454\/revisions"}],"predecessor-version":[{"id":2475,"href":"https:\/\/www.lycee-elisalemonnier.fr\/site\/wp-json\/wp\/v2\/pages\/2454\/revisions\/2475"}],"wp:attachment":[{"href":"https:\/\/www.lycee-elisalemonnier.fr\/site\/wp-json\/wp\/v2\/media?parent=2454"}],"curies":[{"name":"wp","href":"https:\/\/api.w.org\/{rel}","templated":true}]}}