{"id":2539,"date":"2025-06-21T13:51:47","date_gmt":"2025-06-21T11:51:47","guid":{"rendered":"https:\/\/www.lycee-elisalemonnier.fr\/site\/?page_id=2539"},"modified":"2025-06-22T10:14:17","modified_gmt":"2025-06-22T08:14:17","slug":"notre-assistante-sociale","status":"publish","type":"page","link":"https:\/\/www.lycee-elisalemonnier.fr\/site\/notre-assistante-sociale\/","title":{"rendered":"l&rsquo;assistante sociale"},"content":{"rendered":"\n<p><strong>L&rsquo;assistante de service social scolaire a un r\u00f4le d&rsquo;information, de conseil, d&rsquo;aide et d\u2019accompagnement&nbsp; des \u00e9l\u00e8ves et des familles. &nbsp;<\/strong><\/p>\n\n\n\n<p>Elle est \u00e0 l&rsquo;interface entre l&rsquo;\u00e9tablissement scolaire, le milieu de vie du jeune et les structures ext\u00e9rieures (Conseil D\u00e9partemental, Justice, CAF, MSA, associations&#8230;). Elle re\u00e7oit les \u00e9l\u00e8ves et les familles dans le cadre d&rsquo;une prise en charge individuelle (entretiens, visite \u00e0 domicile &#8230;) et\/ou collective dans le respect du secret professionnel.<\/p>\n\n\n\n<p>L\u2019assistante sociale scolaire participe \u00e0 la protection de l\u2019enfance, elle contribue \u00e0 la prise en charge des situations de mal \u00eatre et des probl\u00e8mes relationnels ainsi qu\u2019\u00e0 la pr\u00e9vention et \u00e0 la prise en charge des conduites \u00e0 risque, de la violence et des troubles du comportement, elle aide \u00e0 l\u2019\u00e9laboration du projet personnel et professionnel de l\u2019\u00e9l\u00e8ve ainsi qu\u2019\u00e0 la pr\u00e9vention de l\u2019absent\u00e9isme, la d\u00e9scolarisation et l\u2019\u00e9chec scolaire.<\/p>\n\n\n\n<p>Informations pour la contacter : <strong>Madame Soares : Par t\u00e9l\u00e9phone 0623082937 ou par m\u00e9l : maguelone.soares@ac-lille.fr<\/strong><\/p>\n\n\n\n<figure class=\"wp-block-gallery has-nested-images columns-default is-cropped wp-block-gallery-1 is-layout-flex wp-block-gallery-is-layout-flex\">\n<figure class=\"wp-block-image size-large\"><img fetchpriority=\"high\" decoding=\"async\" width=\"525\" height=\"742\" data-id=\"2541\" src=\"https:\/\/www.lycee-elisalemonnier.fr\/site\/wp-content\/uploads\/2025\/06\/photo1-1.jpg\" alt=\"\" class=\"wp-image-2541\" srcset=\"https:\/\/www.lycee-elisalemonnier.fr\/site\/wp-content\/uploads\/2025\/06\/photo1-1.jpg 525w, https:\/\/www.lycee-elisalemonnier.fr\/site\/wp-content\/uploads\/2025\/06\/photo1-1-212x300.jpg 212w\" sizes=\"(max-width: 525px) 100vw, 525px\" \/><\/figure>\n\n\n\n<figure class=\"wp-block-image size-large\"><img decoding=\"async\" width=\"514\" height=\"741\" data-id=\"2542\" src=\"https:\/\/www.lycee-elisalemonnier.fr\/site\/wp-content\/uploads\/2025\/06\/photo2.jpg\" alt=\"\" class=\"wp-image-2542\" srcset=\"https:\/\/www.lycee-elisalemonnier.fr\/site\/wp-content\/uploads\/2025\/06\/photo2.jpg 514w, https:\/\/www.lycee-elisalemonnier.fr\/site\/wp-content\/uploads\/2025\/06\/photo2-208x300.jpg 208w\" sizes=\"(max-width: 514px) 100vw, 514px\" \/><\/figure>\n<\/figure>\n","protected":false},"excerpt":{"rendered":"<p>L&rsquo;assistante de service social scolaire a un r\u00f4le d&rsquo;information, de conseil, d&rsquo;aide et d\u2019accompagnement&nbsp; des \u00e9l\u00e8ves et des familles. &nbsp; Elle est \u00e0 l&rsquo;interface entre l&rsquo;\u00e9tablissement scolaire, le milieu de vie du jeune et les structures ext\u00e9rieures (Conseil D\u00e9partemental, Justice, CAF, MSA, associations&#8230;). Elle re\u00e7oit les \u00e9l\u00e8ves et les familles dans le cadre d&rsquo;une prise&hellip;&nbsp;<a href=\"https:\/\/www.lycee-elisalemonnier.fr\/site\/notre-assistante-sociale\/\" class=\"\" rel=\"bookmark\">Lire la suite &raquo;<span class=\"screen-reader-text\">l&rsquo;assistante sociale<\/span><\/a><\/p>\n","protected":false},"author":2,"featured_media":0,"parent":0,"menu_order":0,"comment_status":"closed","ping_status":"closed","template":"","meta":{"neve_meta_sidebar":"","neve_meta_container":"","neve_meta_enable_content_width":"","neve_meta_content_width":0,"neve_meta_title_alignment":"","neve_meta_author_avatar":"","neve_post_elements_order":"","neve_meta_disable_header":"","neve_meta_disable_footer":"","neve_meta_disable_title":"","footnotes":""},"class_list":["post-2539","page","type-page","status-publish","hentry"],"_links":{"self":[{"href":"https:\/\/www.lycee-elisalemonnier.fr\/site\/wp-json\/wp\/v2\/pages\/2539","targetHints":{"allow":["GET"]}}],"collection":[{"href":"https:\/\/www.lycee-elisalemonnier.fr\/site\/wp-json\/wp\/v2\/pages"}],"about":[{"href":"https:\/\/www.lycee-elisalemonnier.fr\/site\/wp-json\/wp\/v2\/types\/page"}],"author":[{"embeddable":true,"href":"https:\/\/www.lycee-elisalemonnier.fr\/site\/wp-json\/wp\/v2\/users\/2"}],"replies":[{"embeddable":true,"href":"https:\/\/www.lycee-elisalemonnier.fr\/site\/wp-json\/wp\/v2\/comments?post=2539"}],"version-history":[{"count":5,"href":"https:\/\/www.lycee-elisalemonnier.fr\/site\/wp-json\/wp\/v2\/pages\/2539\/revisions"}],"predecessor-version":[{"id":2549,"href":"https:\/\/www.lycee-elisalemonnier.fr\/site\/wp-json\/wp\/v2\/pages\/2539\/revisions\/2549"}],"wp:attachment":[{"href":"https:\/\/www.lycee-elisalemonnier.fr\/site\/wp-json\/wp\/v2\/media?parent=2539"}],"curies":[{"name":"wp","href":"https:\/\/api.w.org\/{rel}","templated":true}]}}